the highest common factor of n and 434?
7
Suppose -473 - 759 - 280 = -84*n. Calculate the greatest common factor of 1818 and n.
18
Suppose -18*i + 19*i + f = 49, 192 = 4*i + 2*f. Let s = 446 - 258. What is the greatest common factor of i and s?
47
Let q(f) = -f**3 - 36*f**2 + 518*f - 2. Let k be q(11). What is the highest common factor of 3447 and k?
9
Let w(s) = -s**2 - 15*s + 44. Let b be w(-18). Let j be (-126)/35*b*1. Calculate the greatest common factor of 396 and j.
36
Suppose -3*r = -4*w + 2*r + 1985, 2*w + 5*r - 985 = 0. Let q = 770 + -734. Let b be ((-735)/294)/((-2)/q). Calculate the highest common factor of b and w.
45
Let r(n) = 21*n**2 + 8*n. Let g be r(-5). Let c = g + -454. What is the greatest common divisor of 2 and c?
1
Let d(x) be the first derivative of x**4/4 - 10*x**3/3 + 8*x**2 - 102*x - 58. Let q be d(10). Calculate the greatest common factor of q and 58.
58
Suppose 22*n - 9*n = 247. Let o be (3/2)/((-324)/(-32832)). Calculate the greatest common divisor of o and n.
19
Let r = 16093 - 15968. What is the greatest common divisor of 25750 and r?
125
Suppose 3*j - 5*d = -1020, 5*d + 1365 = -4*j + 10*d. Let z = -210 - j. What is the greatest common divisor of z and 60?
15
Let c = -187 - -214. Let o be (1485/(-10))/(2 + (-5)/2). Calculate the greatest common divisor of o and c.
27
Suppose 4*x - 57 - 1751 = -4*m, 0 = x - 3*m - 452. Let q = x + -435. What is the highest common factor of q and 1?
1
Suppose -3*x + 49 = 31. Let b(y) = y**3 - 6*y**2 + 4*y + 12. Let j be b(x). Calculate the greatest common factor of 63 and j.
9
Let o be 1 + -23 + 0 + 2. Let u(c) = -c**2 - 21*c + 50. Let k be u(o). What is the highest common factor of 80 and k?
10
Suppose 78*y + 205*y = -41*y + 165240. Calculate the greatest common divisor of 690 and y.
30
Let k be (-50 + 28)/((-8)/7 - -1). What is the greatest common divisor of k and 1342?
22
Suppose 10*h - 4*t - 218 = 4*h, 78 = 2*h - 4*t. Calculate the greatest common factor of h and 230.
5
Suppose -5*x + 205 + 195 = 0. Let y = -6665 + 7105. What is the greatest common factor of x and y?
40
Let y = 36 - 162. Let u = 137 + y. Calculate the highest common divisor of 143 and u.
11
Let x be -11 + 2 - ((-391)/(-23) + -3106). Calculate the highest common divisor of 7 and x.
7
Let g(l) = -25*l - 14 - 41*l + 70*l. Suppose 2*h = 6 + 2. Let i be g(h). Calculate the greatest common divisor of 8 and i.
2
Let v be (1/(-1))/(2/(-186)). Suppose 5*h + 327 = 2*g, g - 3*h - 162 = 4. Let q = g + -89. Calculate the highest common divisor of v and q.
31
Suppose 89*u - 3136 = -9*u. What is the greatest common factor of 1352 and u?
8
Suppose 5*h + 140 = 5*b, -144*b = -145*b - 4*h - 7. What is the greatest common divisor of 2723 and b?
7
Suppose 3*o + 129 + 348 = 0. Let x = o + 185. Suppose k - 230 = -m, -5*m + 84 + 1106 = -5*k. Calculate the greatest common divisor of m and x.
26
Let i(w) = -87*w + 1897. Let f be i(21). What is the greatest common divisor of f and 2485?
35
Let r be -4 + 3*26/6. What is the highest common factor of 984 and r?
3
Let d(w) = 104*w**2 + 4*w + 2. Let y be d(-1). Suppose 0 = -3*o + 2*o + y. What is the greatest common factor of o and 48?
6
Let h be -9762*5/(-165) - ((-27)/(-33) + -1). Suppose -5*b = -0*b - 20. Calculate the highest common factor of h and b.
4
Let o(v) = 2*v**2 + 11*v - 447. Let c be o(-18). Let w(m) = 2*m - 3. Let b be w(4). Calculate the highest common factor of c and b.
1
Let i(x) = 746*x**2 + x + 1. Let a be i(1). Suppose 6*b - 87 - 177 = 0. What is the highest common factor of b and a?
44
Suppose 4*l + 2*j - 28 = 6*j, -2*l = -5*j - 17. Suppose l*y = 3*y - y. Suppose 4*t - 69 - 71 = y. Calculate the highest common divisor of 14 and t.
7
Suppose -c - 5*u + 18 = -30, -4*u + 12 = 0. Calculate the highest common factor of 1177 and c.
11
Let s(i) = i**3 + 3*i**2 - 6*i + 6. Let w be s(-5). Let l be 4/w - 10/(-35). Suppose 2*h + 2 - 62 = l. Calculate the greatest common factor of 6 and h.
6
Suppose 4*g + g + 5*u + 980 = 0, -g - 192 = 2*u. Let l = g - -265. Calculate the highest common factor of 585 and l.
65
Suppose -28*p + 42*p + 112 = 0. Let h be -8 - -4*(15 + p). Calculate the greatest common divisor of h and 610.
10
Let p be -5*10/15*(-459)/45. What is the greatest common factor of 18 and p?
2
Suppose -25*m = -m - 96. Suppose -2*f + k + 207 = 0, 185 = -4*f - m*k + 605. What is the greatest common divisor of f and 13?
13
Let v(b) = b**3 - 5*b**2 - 3*b - 2. Let a be v(6). Let g(z) = -2*z**3 - 192*z**2 + 198*z + 404. Let h be g(-97). What is the highest common divisor of h and a?
16
Let g = 1420 - 1405. Let l(x) = 2*x**3 - 4*x**2 - 7*x - 6. Let i be l(7). What is the highest common factor of i and g?
15
Let z(j) = 2*j**3 - 31*j**2 - 48*j - 50. Let h be z(17). What is the highest common factor of 23 and h?
1
Let b be (-1180670)/(-5365) + (-3)/(174/4). What is the greatest common divisor of 2090 and b?
110
Suppose -3*o = -6, 2*o = 5*m - 271 - 185. Let t be -108*(7 - (-11)/(-4)). Let y = -436 - t. Calculate the greatest common divisor of y and m.
23
Suppose -h + 2*u = -12, -4*h - 4*u - 12 = -0*u. Suppose 4*m = -3*a + 219, -a - h*a - 36 = -m. What is the highest common divisor of m and 357?
51
Suppose -18 = -2*l - 2*f, l - 16*f = -33*f - 71. Calculate the greatest common divisor of 52 and l.
2
Let l(k) = -88*k - 335. Let y be l(-19). What is the highest common divisor of y and 7?
7
Let u be 3 + (99 - 3) - -1. Let g be ((-22)/(704/(-112)))/(2/4) - -168. Calculate the highest common divisor of g and u.
25
Suppose -28*l = -92*l - 71*l + 1350. Calculate the highest common factor of l and 2540.
10
Let f(c) = 2*c**3 - 755*c**2 - 6564*c + 2052. Let a be f(386). Let u(i) = 2*i**2 + i - 5. Let z be u(-5). Calculate the greatest common divisor of z and a.
40
Let j be (-12 - 0)/(6/(-8)). Let x(g) = -2*g**3 - 76*g**2 - 17*g - 278. Let w be x(-38). Calculate the greatest common factor of j and w.
16
Suppose -1142*d - 201*d = 288*d - 130480. Suppose 0 = 3*v - 45 - 225. Calculate the greatest common divisor of d and v.
10
Let d be (-5)/(-20) - 164/16. Let k(r) = -r**3 - 5*r**2 + 13*r + 14. Let n be k(d). Suppose 13*m - n = 9*m. What is the highest common factor of 12 and m?
12
Let i = -6298 + 6753. What is the highest common factor of 5824 and i?
91
Suppose 0 = 3*o - 24, 5*o + 1308 + 772 = 2*a. What is the greatest common factor of a and 30?
10
Suppose -2*w + w = 4*d - 432, 0 = 4*d - 3*w - 432. Suppose d*j = 114*j - 738. Calculate the highest common factor of 205 and j.
41
Let p(l) = -l**3 - 22*l**2 - 9*l + 257. Let r be p(-21). Suppose -5*b + 14*b = 45. What is the greatest common divisor of r and b?
5
Let y = 22 - 55. Let v be (-1)/4 + 5*(-1576)/(-160). Let h = y + v. Calculate the greatest common divisor of 32 and h.
16
Let i be (54/45)/1*(51920/(-6))/(-2). Calculate the greatest common factor of 352 and i.
88
Let r(z) be the third derivative of z**6/40 - 4*z**5/15 + 5*z**4/24 + z**3/2 - 49*z**2. Let j be r(5). Calculate the greatest common divisor of j and 9.
3
Let g = -9508 + 9527. Let p = 2 - 1. Calculate the greatest common factor of p and g.
1
Let z = 322 - 575. Let y = -240 - z. Let r = 37 + 2. What is the highest common divisor of y and r?
13
Let r(h) = 6*h**2 + 4*h + 1. Let d be r(-1). Suppose 0 = -d*i - 521 + 1703. Let x = i + -204. Calculate the greatest common factor of x and 76.
38
Let z(h) = 2*h**3 - 8*h**2 + 33*h. Let v be z(3). Suppose -5*g + 934 = -v. What is the greatest common divisor of 28 and g?
7
Let h(x) = -2*x**3 - 42*x**2 - 163*x - 24. Let z be h(-17). Calculate the greatest common factor of 30 and z.
15
Let a be 276/14 - 24/(-84). Let n(b) = -3*b - 10. Let m be (3/(-3))/(2/12). Let w be n(m). What is the highest common factor of w and a?
4
Let l = -20810 + 21983. Calculate the highest common factor of 1887 and l.
51
Let x be (-64)/7*49/(-14). Let j be (-261)/6*x/(-12). Calculate the greatest common divisor of j and 290.
58
Let o be 2/(12/9)*204/18 + -6. What is the highest common factor of 1661 and o?
11
Suppose 6*f - 99 = -5*f. Let z be 1 - f - -4 - -1*7. Let t be 19/z + 21/(-9) + 1. Calculate the greatest common factor of 1 and t.
1
Let c(y) = -y**2 + 37 + 51 + 21*y - 39. Let j be c(23). Calculate the highest common factor of 81 and j.
3
Let h(g) = 140*g**2 - 92*g 